nder when 211 is divided by 113.
98
What is the remainder when 2095 is divided by 117?
106
What is the remainder when 297 is divided by 43?
39
What is the remainder when 73 is divided by 15?
13
What is the remainder when 810 is divided by 267?
9
What is the remainder when 802 is divided by 115?
112
Calculate the remainder when 40 is divided by 3.
1
Calculate the remainder when 345 is divided by 66.
15
Calculate the remainder when 1219 is divided by 292.
51
What is the remainder when 1846 is divided by 88?
86
What is the remainder when 486 is divided by 62?
52
What is the remainder when 1993 is divided by 151?
30
Calculate the remainder when 880 is divided by 21.
19
What is the remainder when 12970 is divided by 92?
90
Calculate the remainder when 320 is divided by 35.
5
What is the remainder when 152 is divided by 125?
27
Calculate the remainder when 17 is divided by 4.
1
What is the remainder when 458 is divided by 56?
10
Calculate the remainder when 61 is divided by 44.
17
What is the remainder when 20 is divided by 1?
0
Calculate the remainder when 10073 is divided by 65.
63
What is the remainder when 1022 is divided by 32?
30
What is the remainder when 107 is divided by 35?
2
What is the remainder when 3905 is divided by 62?
61
Calculate the remainder when 185 is divided by 49.
38
Calculate the remainder when 14015 is divided by 219.
218
What is the remainder when 4204 is divided by 145?
144
What is the remainder when 11696 is divided by 37?
4
Calculate the remainder when 1200 is divided by 60.
0
Calculate the remainder when 595 is divided by 100.
95
Calculate the remainder when 8016 is divided by 4.
0
What is the remainder when 998 is divided by 143?
140
What is the remainder when 1426 is divided by 130?
126
What is the remainder when 775 is divided by 258?
1
Calculate the remainder when 62 is divided by 16.
14
What is the remainder when 7 is divided by 6?
1
Calculate the remainder when 554 is divided by 43.
38
Calculate the remainder when 149 is divided by 14.
9
What is the remainder when 2550 is divided by 69?
66
What is the remainder when 28 is divided by 28?
0
Calculate the remainder when 1493 is divided by 83.
82
Calculate the remainder when 1678 is divided by 15.
13
What is the remainder when 541 is divided by 109?
105
Calculate the remainder when 331 is divided by 130.
71
Calculate the remainder when 31 is divided by 18.
13
Calculate the remainder when 873 is divided by 16.
9
What is the remainder when 4078 is divided by 227?
219
What is the remainder when 216 is divided by 32?
24
What is the remainder when 384 is divided by 43?
40
Calculate the remainder when 40 is divided by 7.
5
Calculate the remainder when 63 is divided by 33.
30
What is the remainder when 283 is divided by 39?
10
Calculate the remainder when 789 is divided by 66.
63
What is the remainder when 652 is divided by 203?
43
What is the remainder when 212 is divided by 45?
32
What is the remainder when 524 is divided by 474?
50
Calculate the remainder when 4159 is divided by 64.
63
What is the remainder when 1801 is divided by 163?
8
Calculate the remainder when 671 is divided by 335.
1
Calculate the remainder when 141 is divided by 72.
69
What is the remainder when 1006 is divided by 44?
38
What is the remainder when 6510 is divided by 39?
36
What is the remainder when 145 is divided by 141?
4
Calculate the remainder when 215 is divided by 28.
19
What is the remainder when 299 is divided by 20?
19
What is the remainder when 144 is divided by 14?
4
Calculate the remainder when 2458 is divided by 20.
18
Calculate the remainder when 332 is divided by 134.
64
What is the remainder when 237 is divided by 60?
57
What is the remainder when 733 is divided by 204?
121
What is the remainder when 5515 is divided by 178?
175
What is the remainder when 118 is divided by 42?
34
Calculate the remainder when 986 is divided by 488.
10
Calculate the remainder when 463 is divided by 68.
55
What is the remainder when 29 is divided by 3?
2
What is the remainder when 514 is divided by 103?
102
What is the remainder when 52 is divided by 12?
4
Calculate the remainder when 92 is divided by 4.
0
Calculate the remainder when 1088 is divided by 11.
10
What is the remainder when 1615 is divided by 535?
10
Calculate the remainder when 37 is divided by 10.
7
What is the remainder when 22 is divided by 2?
0
What is the remainder when 248 is divided by 42?
38
Calculate the remainder when 221 is divided by 32.
29
Calculate the remainder when 313 is divided by 181.
132
What is the remainder when 62 is divided by 6?
2
What is the remainder when 69 is divided by 30?
9
What is the remainder when 217 is divided by 10?
7
Calculate the remainder when 80 is divided by 26.
2
Calculate the remainder when 8413 is divided by 55.
53
What is the remainder when 37 is divided by 13?
11
What is the remainder when 615 is divided by 192?
39
What is the remainder when 1073 is divided by 45?
38
What is the remainder when 1521 is divided by 257?
236
Calculate the remainder when 966 is divided by 51.
48
What is the remainder when 1395 is divided by 697?
1
What is the remainder when 219 is divided by 69?
12
What is the remainder when 17 is divided by 4?
1
What is the remainder when 98 is divided by 10?
8
What is the remainder when 267 is divided by 89?
0
What is the remainder when 117 is divided by 24?
21
What is the remainder when 2136 is divided by 34?
28
Calculate the remainder when 476 is divided by 120.
116
Calculate the remainder when 319 is divided by 19.
15
What is the remainder when 92 is divided by 4?
0
Calculate the remainder when 13366 is divided by 24.
22
What is the remainder when 212 is divided by 33?
14
Calculate the remainder when 102 is divided by 100.
2
What is the remainder when 80 is divided by 18?
8
What is the remainder when 221 is divided by 15?
11
What is the remainder when 1835 is divided by 91?
15
Calculate the remainder when 204 is divided by 91.
22
What is the remainder when 1089 is divided by 89?
21
Calculate the remainder when 4491 is divided by 54.
9
Calculate the remainder when 22 is divided by 9.
4
Calculate the remainder when 420 is divided by 53.
49
What is the remainder when 108 is divided by 62?
46
What is the remainder when 434 is divided by 429?
5
What is the remainder when 44 is divided by 3?
2
Calculate the remainder when 91 is divided by 65.
26
What is the remainder when 768 is divided by 196?
180
Calculate the remainder when 62 is divided by 13.
10
Calculate the remainder when 1086 is divided by 28.
22
Calculate the remainder when 2589 is divided by 74.
73
What is the remainder when 590 is divided by 122?
102
What is the remainder when 2015 is divided by 96?
95
Calculate the remainder when 1220 is divided by 26.
24
What is the remainder when 49 is divided by 36?
13
What is the remainder when 2242 is divided by 33?
31
Calculate the remainder when 451 is divided by 23.
14
What is the remainder when 311 is divided by 9?
5
Calculate the remainder when 233 is divided by 28.
9
What is the remainder when 935 is divided by 18?
17
Calculate the remainder when 664 is divided by 18.
16
What is the remainder when 1536 is divided by 27?
24
What is the remainder when 357 is divided by 15?
12
Calculate the remainder when 51 is divided by 42.
9
Calculate the remainder when 1408 is divided by 42.
22
Calculate the remainder when 137 is divided by 10.
7
Calculate the remainder when 4102 is divided by 6.
4
Calculate the remainder when 15239 is divided by 24.
23
Calculate the remainder when 1128 is divided by 371.
15
Calculate the remainder when 509 is divided by 151.
56
Calculate the remainder when 214 is divided by 36.
34
What is the remainder when 155 is divided by 16?
11
What is the remainder when 11619 is divided by 140?
139
What is the remainder when 52 is divided by 6?
4
Calculate the remainder when 1404 is divided by 37.
35
Calculate the remainder when 91 is divided by 40.
11
Calculate the remainder when 44 is divided by 14.
2
What is the remainder when 1707 is divided by 520?
147
Calculate the remainder when 2413 is divided by 16.
13
What is the remainder when 296 is divided by 9?
8
What is the remainder when 505 is divided by 13?
11
What is the remainder when 3106 is divided by 173?
1